 Suppose -5*y = -v*o + 14*o + 674, 3342 = 5*o + 3*y. Is o a prime number?
False
Let n = 241 + -241. Suppose -9*t + 82451 - 10622 = n. Is t prime?
False
Let h(j) = -240*j**3 - 36*j**2 + 91*j - 42. Is h(-13) prime?
True
Suppose 3*w + 0*w + 3*d - 6261 = 0, -3*w = -4*d - 6240. Let z = -703 + w. Is z a prime number?
True
Let p(f) = 23*f + 1. Let r be p(0). Is 769*(-1 + r/2)*-22 a prime number?
False
Suppose 2*t + 25832 = 5*i, -3*i - 9803 = t - 25311. Let s = -3411 + i. Is s composite?
True
Suppose 46638593 = -4*k - 7*k + 120*k. Is k composite?
False
Suppose 757891 = 113*k - 109*k + 5*j, -757879 = -4*k - j. Is k a prime number?
False
Let g(p) = 33*p**2 - 14*p - 20. Let v be g(8). Let f = 1319 + v. Is f a composite number?
False
Suppose 20*q - 296384 - 585476 = 0. Is q a composite number?
True
Suppose -130896 = -21*i + 9*i. Suppose -i - 1128 = 12*c. Is c*(0 - (-3)/(-3))*1 prime?
False
Let r(b) = b**3 + 4*b**2 - 12*b + 9. Let z be r(-6). Suppose 2096 = z*d - 2287. Is d a prime number?
True
Let t = -243 - -267. Suppose 5*h = t*h - 31559. Is h a prime number?
False
Suppose -265*n + 262*n = -6. Suppose -3*a + 9360 = -2*g + 655, 0 = n*a - 4*g - 5798. Is a a prime number?
True
Suppose 4730 = -4*a - 2*w, a + 0*w = -5*w - 1196. Let g = -667 - a. Is (-3)/(-1) + g - -4 prime?
True
Suppose 1397*f = 1352*f + 1384785. Is f composite?
False
Is (-1 - 1)*(22/(-10) + (-101273304)/880) prime?
False
Let p(s) = -13291*s + 336. Is p(-5) a composite number?
False
Let t = 138 - 132. Suppose t*x - 2705 = -2*p + 3*x, 0 = 2*x - 2. Is p composite?
True
Let s = -35504 - -76995. Is s prime?
True
Let j(g) = 558517*g**3 + 3*g**2 + 5*g - 8. Is j(1) a composite number?
True
Let f = -40275 + 66866. Is f composite?
False
Is 3*-1*3/(36/(-227876)) a prime number?
False
Suppose 0 = 71*a + 15200565 - 41301230. Is a a prime number?
False
Suppose 0 = -2*z - 69 + 11. Let m = z - -566. Let t = m - -74. Is t prime?
False
Let o = 64 + -34. Suppose 29*j + 3593 = o*j. Is j prime?
True
Suppose 14*y - 20 = 10*y. Suppose 3*q - y*q = 0. Suppose -2*x + q*x = -5138. Is x composite?
True
Let x(z) = -z**3 - 23*z**2 - 111*z - 176. Is x(-35) a composite number?
True
Suppose 12*y = 147*y - 8591805. Is y a prime number?
False
Let q(a) = -2*a**3 + 21*a**2 + 11*a + 2. Let u be q(11). Suppose 0 = u*c - 2*z + 225 - 1199, 0 = z - 2. Is c a composite number?
True
Let u(g) = 15*g - 6 + 13*g - 2 - 7. Let n be u(-3). Let p = 292 - n. Is p a prime number?
False
Suppose 1548 - 404 = 2*k. Let m = -4 + 7. Suppose -3*d - 3*y + 429 = 0, 2*d - 6*d - m*y = -k. Is d a composite number?
True
Suppose 10*j = 14*j - 3500. Suppose -7*o + 0*o + j = 0. Let y = 212 - o. Is y composite?
True
Let p(r) = -1732*r + 57. Is p(-62) a prime number?
True
Let b(v) = -9*v**2 - 5*v + 9. Let a(i) = 9*i**2 + 6*i - 9. Let y(g) = -6*a(g) - 7*b(g). Let j be (-2)/(-5) + 26/10. Is y(j) a composite number?
True
Let o = 28 + -40. Let d be (-13 + 1 + 2)*o/24. Suppose -3*v = d*l - 897, -598 = 3*v - 5*v - l. Is v prime?
False
Let v(f) = -613*f - 7. Let p be v(-3). Let z = -979 + p. Is z a composite number?
False
Suppose -8 = 2*m - 4*m. Is (1174/m)/((-3)/(-6)) prime?
True
Suppose -8*u - 8 = -7*u + 3*s, -4*u + 2*s + 38 = 0. Suppose -5 = -l, 3*l - 56096 = -4*i + u*l. Is i a composite number?
False
Suppose 3*q + 4*a = 4*q, 0 = 5*q - a. Suppose q = 6*f - 4*f + 3*m - 18, 0 = 4*f + m - 46. Is (-1372)/(-16) - 3 - (-3)/f a composite number?
False
Let j(w) = 2*w**2 + 13*w + 31. Let g be j(-5). Let a be 5/((-150)/(-57244)) + g/(-120). Suppose 10*v - a = -98. Is v a prime number?
True
Let n(a) = -6*a**3 + 7*a + 3. Suppose 9*r - 12*r - 15 = 0. Is n(r) a composite number?
True
Let x = 602 - -1865. Let y be 1/((-1)/228)*(-24)/192*-48. Let c = y + x. Is c a composite number?
True
Suppose -38*n + 4054826 = -6024104. Is n composite?
True
Suppose 0 = 5*f - 4*y - 61440 + 9281, 31275 = 3*f + y. Is f prime?
True
Suppose 7*a + 40 = 2*a. Is a/12*9177/(-14) a prime number?
False
Suppose 0 = 2*z + 5*v - 1037, 637 + 409 = 2*z + 2*v. Suppose 2570 + z = 8*m. Suppose u = 5*x + m + 389, 0 = 5*u - 2*x - 3765. Is u prime?
True
Let x(i) = -i**3 - 7*i**2 + 5*i + 15. Let o be x(-6). Let n = o - -54. Suppose -n*l - 7*l = -1270. Is l a composite number?
False
Let j(n) = -6*n + 27. Let f be j(4). Suppose -f*k + 779 = -2962. Is k a prime number?
False
Suppose 4*g = 2*f - 18, 4*g - 3*f = -15 - 0. Let i be g/(80/25 + 0 + -3). Is (i/9 - -3) + (-5750)/(-6) a prime number?
False
Let o(b) = -171*b - 339*b + 15 - 639*b - 142 + 180*b. Is o(-4) prime?
False
Suppose -4*q + 9 = -3. Suppose -q*c - 69 + 1830 = 0. Suppose 30*t - c = 29*t. Is t prime?
True
Suppose 22*q + 1085068 = 3073846. Is q prime?
False
Suppose 0 = 4*p + 3*p. Suppose p = 4*t + 8*t - 7476. Suppose 2*x - t = 407. Is x a prime number?
False
Suppose 16 = 7*l - 3*l. Let q(z) = 46*z**2 + 2*z + 1. Is q(l) a prime number?
False
Let a(i) = 102*i - 8. Let v be a(11). Let b = v + -1936. Let l = b + 1261. Is l prime?
True
Suppose -5*p = -136 + 66. Let t = p - -2585. Is t prime?
False
Is (-60)/45 - (-2492919)/27 prime?
False
Let y(o) be the second derivative of o**7/280 - o**6/180 + 17*o**5/120 - o**4/4 - o**3/6 - 5*o. Let w(b) be the second derivative of y(b). Is w(8) prime?
False
Suppose -3*h + 4*a = -11 + 3, -2 = -2*h + 2*a. Let w(v) = -v**2 - 4*v + 3. Let i be w(h). Suppose 3*n - 7*n - p + 2292 = 0, 2865 = 5*n - i*p. Is n composite?
True
Suppose -129*m + 258*m - 31666 = 127*m. Is m a composite number?
True
Let u = 305 + -303. Suppose -u*v = 2, 6*w + 1322 = 7*w - 3*v. Is w prime?
True
Suppose 9 = 3*w - 4*d + 6, 20 = w + 5*d. Suppose -12*z + 7427 = -w*z. Is z a prime number?
True
Let b(y) = 4647*y**2 - 42*y - 271. Is b(-8) composite?
True
Suppose 0 = 15*a - 198 + 108. Is (244273/(-34))/((-3)/a) a composite number?
False
Let u(t) = 20*t**2 + 128*t + 1863. Is u(-68) a prime number?
True
Let h = -165 + 2067. Let k = 4189 - h. Is k a prime number?
True
Let i(f) = 5710*f**2 - 169*f - 1045. Is i(-6) a composite number?
False
Let v = 41 + -35. Let i(t) = -8*t**2 - 19*t + 49. Let b(q) = -q**2 + q. Let j(w) = v*b(w) - i(w). Is j(22) composite?
True
Suppose -33 + 8 = -5*v. Suppose -42 = -4*y - n, v*y - 52 = 2*n - 3*n. Suppose 2*r = y*r - 632. Is r composite?
False
Let h = -12524 - -3910. Let j = 16047 + h. Is j composite?
False
Let m(u) = 70*u**3 - 22*u**2 - 193*u + 2014. Is m(11) prime?
False
Let h(l) = 4*l**3 - 23*l**2 + 51*l - 1237. Is h(35) prime?
True
Let u(m) = m**3 + 7*m**2 - 19*m - 3. Let d be u(-9). Let w(l) = 580*l - 21. Is w(d) a prime number?
False
Let w(p) = 27*p**2 - p + 8. Let l be w(6). Let s be 9/(-36) - 0 - (-1)/4. Suppose -b = -s*b - l. Is b prime?
False
Let r be (-3)/(-2 + 44/24). Let a be (2/6)/(6/r). Let u = 480 + a. Is u a prime number?
False
Let p be (-1)/(-1*(-6 - 172/(-28))). Let k(t) = t + 3*t**3 + t**3 + 3 - 8*t**2 - t**3. Is k(p) a prime number?
True
Let x be (306/(-21))/(-4 - (-13101)/3276). Suppose -5*t + 2*t + i = -x, 2*i = 4*t - 21214. Is t a prime number?
False
Suppose 0 = -2*t - u + 67354, -3*t + 4*t = 3*u + 33670. Suppose 1 = -p, -4932 - t = -3*s + p. Is s a prime number?
False
Suppose 6*x - x + 2*d = 41210, -16484 = -2*x - 2*d. Suppose -15*m + 41*m = x. Is m a composite number?
False
Suppose -2*z + 4*x + 500 = 0, -4*x - 205 - 43 = -z. Suppose -u = -4*l + z, 296 = -2*u + 2*l - 178. Let k = u - -1271. Is k composite?
False
Let s(r) = r**3 + 20*r**2 - 6. Let n be s(-20). Is (-3)/n + 843/2 a prime number?
False
Let f(l) = 15*l**3 + 17*l**2 - 29*l + 2726. Let g(v) = -7*v**3 - 8*v**2 + 14*v - 1363. Let n(c) = -6*f(c) - 13*g(c). Is n(0) composite?
True
Let k = -976387 - -1660986. Is k a prime number?
True
Let y be 8 + (-12)/(-30)*-5. Is ((-1282)/y)/(0 - (-5)/(-15)) composite?
False
Suppose a - 2*q - 6 = 0, 4 = -4*a + q - 0*q. Let t(s) = -566*s - 45. Is t(a) a composite number?
False
Suppose 0 = -20*q + 10*q + 64190. Suppose -q = 8*z - 15*z. Is z a prime number?
False
Let a = 186 + -182. Suppose -3*b - 3765 = -7*z + 4*z, 2*b = a. Is z composite?
True
Suppose -5*r - 4030 = -3*s, 7*r = -3*s + 9*r + 4033. Suppose 0 = 2*l - s - 4693. Is l composite?
False
Let b(v) = 10*v**3 - 16*v**2 + 32*v + 125. Is b(36) a composite number?
False
Let u(w) = 2443*w**3 - 4*w**2 + 7*w - 4. Let i(v) = -v**3 - v + 1. Let d(j) = 5*i(j) + u(j). Is d(1) 